 What is the units digit of s(3)?
1
Let h(w) = w**3 + 5*w**2 - 4*w - 5. What is the tens digit of h(-5)?
1
Let m be (-2 - -3)/(1/2). Suppose 0 = -2*g - m*g + 2*s + 48, -5*s + 76 = 4*g. What is the tens digit of g?
1
Let f = -156 - -368. What is the units digit of f?
2
Let o(z) = z**2 + 11*z + 18. What is the tens digit of o(-15)?
7
Suppose -4*n - n = -25. Suppose -n*f + 4*j = 2 + 3, -4*j = -f - 17. Suppose -f*k + 10 = -k. What is the units digit of k?
5
Let c(r) = -r - 11. Let s(b) = -1. Let q(p) = c(p) - 3*s(p). Let t be q(-10). Suppose -t*g - 14 = -3*g. What is the tens digit of g?
1
Let k be 3/(6/4 - 0). Let w(q) = 6 - k - 3 - q. What is the units digit of w(-4)?
5
Suppose 0 = -m - 2 + 12. Suppose -3*a = 4*c + c - 7, 3*a = -2*c + m. What is the units digit of a?
4
Let n(l) = -l - 3. Let q(c) = -2*c - 3. Let o(f) = 3*n(f) - 2*q(f). What is the units digit of o(7)?
4
Let d(i) = i + 1 + 2 + 3. What is the units digit of d(-4)?
2
Suppose 5*b = -3*c + 18, 0 = -3*b - 0*c + 3*c + 6. What is the units digit of 3 + (-12)/(-3) + b?
0
Suppose s + 4*v = 32, -6*s + 3*s + 96 = -5*v. What is the units digit of s?
2
Suppose 5*t - 3*h + 4*h + 113 = 0, 5*t = -4*h - 107. Let m = t - -37. What is the units digit of m?
4
Let r(b) = b**3 + 7*b**2 - 7*b + 11. What is the units digit of r(-6)?
9
Let a(m) = 3*m + 1. Let p be a(-6). Let k(v) = v**2 - v - 10. Let c be k(0). Let f = c - p. What is the units digit of f?
7
Let y(q) = -14*q + 3. What is the units digit of y(-2)?
1
What is the tens digit of 0 + (23 - 0 - 4)?
1
Suppose -9 - 35 = -2*s - 2*w, -s = -4*w - 32. What is the tens digit of s?
2
Let g(w) = -241*w**3 + 2*w**2 - 2. What is the units digit of g(-1)?
1
Suppose -4 = -2*m, -22 = -4*t + 4*m - 3*m. Let j be 9/3 - (-5 - -5). Let o = t + j. What is the units digit of o?
9
Let r be 105/33 + (-6)/33. Suppose 0 = -h + 5*t + 31, -r*h - 10 = -8*h - 4*t. What is the units digit of h?
6
Let f(y) = -2*y**2 + 2*y + 206. What is the units digit of f(0)?
6
Let r(y) = -y + 10. Let l be r(10). Suppose 4*s - 56 - 4 = l. What is the tens digit of s?
1
Let m(b) = b**3 + 6*b**2 + 5. Let v be m(-5). Suppose -5*p + 67 = 3*o - 0*o, 2*o = 2*p - v. What is the tens digit of p?
1
Suppose 11*p - 74 = 9*p. What is the tens digit of p?
3
Let o = -6 - -8. Suppose 5*a + 3 = -2*k - 0, -o*a - 4 = -2*k. What is the units digit of k?
1
Let u = -13 - -7. Let k(a) = a**3 + 7*a**2 + 7*a + 9. What is the units digit of k(u)?
3
Let b(o) = -o**3 + 6*o**2 + 10*o - 10. Let i be b(7). Suppose g + 0*r + 4*r = i, 2*r - 1 = g. What is the units digit of g?
3
Let d = 166 + -115. What is the units digit of d?
1
Let h = -2 - 1. Let d(b) = 7*b**2 + 7*b + 1. Let f(s) = 10*s**2 + 10*s + 1. Let l(u) = -7*d(u) + 5*f(u). What is the units digit of l(h)?
4
Let t(a) = a**2 + 2 + 3 - 7. Let l be t(2). Suppose -l*r = -6*r + 40. What is the units digit of r?
0
Let l be ((-27)/2)/((-12)/16). Suppose -g - v + 3 = 5, l = -g + 3*v. Let k = -4 - g. What is the units digit of k?
2
Let h = 6 - 2. Suppose 0 = j + 3*f - 5 - 15, 3*f = -h*j + 44. What is the units digit of j?
8
Suppose -9*p = -6*p - 33. What is the units digit of p?
1
Suppose -2*x + 5 = r - 1, -4*r + 4 = 3*x. Let o be (-37)/3 - 2/(-6). Let q = x - o. What is the units digit of q?
6
Let x = 7 + -22. What is the units digit of ((-96)/(-15))/((-6)/x)?
6
Suppose -2 = y - 10. Let u(h) = h**2 - 3*h + 1. Let o be u(3). Suppose b = o + y. What is the units digit of b?
9
Let a = -29 - -107. What is the units digit of a?
8
Suppose -2*q - 4*g = -2 + 12, -23 = -5*q + 2*g. Suppose 5*y - 15 = 0, -q*f + 4*y = 2*y + 3. What is the units digit of f?
1
Let r(a) = a - 2. Suppose 5*z = 3*o - 2, z + 4 = 3*o - 3*z. Let x be r(o). What is the units digit of ((-10)/x)/(-1 - 0)?
5
Let t = -9 - -14. What is the units digit of t?
5
Suppose -5*a = -3*a - 56. What is the tens digit of a?
2
What is the hundreds digit of ((-38)/(-3))/((-6)/(-90))?
1
Suppose -4*f + 50 = -9*f. Let w(k) = -k**3 - 9*k**2 + 10*k + 4. Let a be w(f). Suppose 0*c - 16 = -a*c. What is the units digit of c?
4
Let k = -251 - -151. What is the units digit of k*(7/(-5) - -1)?
0
Suppose 3*w - 46 - 77 = 0. What is the units digit of w?
1
Let c(w) be the first derivative of -w**4/4 - 5*w**3/3 - w**2 - 5*w - 1. Suppose -5 = -y - 5*k, 2*y + 3 = 5*k - 17. What is the units digit of c(y)?
5
Suppose -5 = 5*o - 0, 2*i = 3*o + 31. Let y = i + -2. What is the tens digit of y?
1
Suppose 0 = o + 1, 3*d - 2*o - 3*o - 71 = 0. What is the tens digit of d?
2
Suppose -9 = -2*l + n, -3*l - 5 = -5*l + 5*n. Suppose -l*q + 76 + 39 = 0. What is the units digit of q?
3
Suppose -4*n + 17 = -x + 4, -n = -2*x + 2. Suppose -4*w - 4*r = -24, x*w - 6*r = -2*r + 46. Suppose w = 4*u - 42. What is the tens digit of u?
1
Suppose -52 = 4*l - 8*l. What is the units digit of l?
3
Let j(h) = -4*h**3 - 4*h + 3. Let k be (16/24)/(4/18). Let m be j(k). What is the tens digit of m/(-7) + (-2)/(-7)?
1
Suppose -2*m + 3*m + 2 = 0. Let s = m - 2. What is the units digit of s*(26/(-8) + 2)?
5
Suppose 2*i = w - 2, 5*i + 16 = 2*w - 5*w. Let v = w - -5. What is the units digit of v?
3
Suppose 13*k = 10*k + 63. What is the units digit of k?
1
Suppose 5*f - 37 = -x, -5*x - 3*f = -6*f - 269. What is the units digit of x?
2
Let h be (60/(-8))/(3/4). Let k = h + 6. Let t = 16 + k. What is the units digit of t?
2
Let p be 1/(-4) - 27/(-12). Suppose 3 = -5*n + 5*x - p, -5 = -5*n - 5*x. Suppose -4*i + 4*d + 11 + 13 = n, 3*i + 4*d = -17. What is the units digit of i?
1
Let n(l) = l**2 - 12*l + 18. What is the units digit of n(13)?
1
Suppose -3*l + 4*t = -534, 0 = -8*l + 4*l - t + 731. What is the tens digit of l?
8
Suppose 7*m = 2*m + 5. Let c = 1 + m. What is the units digit of 7/(3/1 - c)?
7
Let k(b) = b**3 - 2*b**2 - 3*b + 4. Let d(m) = -m + 6. Let z be d(3). Let h be (4 - z)/((-2)/(-6)). What is the units digit of k(h)?
4
Let i(r) = r**2 - r - 2. Let u be i(-2). Let a = 13 + -11. Suppose a*v = 10 - u. What is the units digit of v?
3
Let u be (-4)/(-12) + (-24)/(-9). Let n = u + 2. What is the units digit of n?
5
Let p be 1/5 + 42/15. Suppose -p*z = 2*z + a - 95, -3*a + 15 = 0. What is the units digit of z?
8
Suppose y = 25 + 7. What is the tens digit of y?
3
Let i(x) = -2 - 1 + 2. Let a(b) = -b + 2. Let z(n) = -3*a(n) - 8*i(n). What is the units digit of z(4)?
4
Let m(a) = a**3 - 3*a**2 + 2*a - 4. Let d be m(3). Suppose d*n - 9 = -5*b, 4*n + 4*b - 3*b - 63 = 0. What is the units digit of n?
7
Let y(o) = -o + 5. Let z be y(5). Suppose -4*v + z = -l + 12, -4*v - 36 = -4*l. What is the units digit of l?
8
Suppose 2*w + 2*w - 8 = 0. Suppose -4*b = 3*q - 38, -4*q + 52 = -w*b + 7*b. What is the tens digit of q?
1
Suppose -4*v - v + 155 = 0. What is the tens digit of -2 - v*(-1 - 0)?
2
Let p(r) = -r**3 + 3*r**2 - 2*r + 2. Let v be p(3). Let f = v + 5. What is the units digit of f?
1
Let a(j) = j**3 - j**2 - 9*j + 6. What is the units digit of a(5)?
1
Let u(h) = h**3 + 4*h**2 + 2*h - 2. Let m be u(-3). Let s be -2 + 2 + (-2 - m). Let c = s + 4. What is the units digit of c?
1
Suppose 2*d + 4*u + 4 = 74, -8 = -2*u. What is the units digit of d?
7
What is the tens digit of (-64)/(-48)*(15 - 0)?
2
Suppose -2*o + 105 = o. What is the units digit of (-21)/o + 336/10?
3
What is the tens digit of (1179/12)/((-9)/(-24) - 0)?
6
Suppose -4 = -3*q + 11, w + 2*q = 42. Suppose 3*d - 4*p = 73, -p + w = -5*d + 148. Let c = -14 + d. What is the units digit of c?
9
What is the units digit of (-2)/(10/25) + 191?
6
Suppose -6 - 12 = -3*j. Suppose -q + 10 = -j*q. Let k = q + 4. What is the units digit of k?
2
Suppose 7*p - 5*p - 10 = 0. Suppose i + 0 = p. Suppose i*u = -12 + 32. What is the units digit of u?
4
Let k(s) = s**2 + s - 2. What is the tens digit of k(-6)?
2
Let i(v) = -64*v**3 - 2*v**2 - v. What is the tens digit of i(-1)?
6
Suppose 2*v - 3*i - 26 = 0, -v + 7 + 20 = -5*i. What is the units digit of v?
7
Let f be ((-24)/40)/(1/(-15)). Suppose -5*c + f = a - 0, -a - 4*c = -13. What is the tens digit of a?
2
Suppose 3*z + z - 20 = 0. Let x = -1 + z. What is the units digit of x?
4
Let g(q) = 1 - 2*q**2 + 2*q + q**2 - 2. Let d be g(1). What is the units digit of 1*(d + 1 - -9)?
0
Let z(x) = -x**2 - 6*x + 4. What is the units digit of z(-4)?
2
Let u(r) = -9*r + 15. Let g(h) = 8*h - 11. Le